{"id":2176,"date":"2026-04-18T16:21:17","date_gmt":"2026-04-18T21:21:17","guid":{"rendered":"https:\/\/asicomotumakeupcol.com\/?post_type=product&#038;p=2176"},"modified":"2026-04-18T16:21:17","modified_gmt":"2026-04-18T21:21:17","slug":"tinta-de-labios-girly","status":"publish","type":"product","link":"https:\/\/asicomotumakeupcol.com\/?product=tinta-de-labios-girly","title":{"rendered":"Tinta de Labios Girly"},"content":{"rendered":"","protected":false},"excerpt":{"rendered":"<p>Tinta para labios y mejillas, es de duraci\u00f3n media a larga, no transfiere y no reseca tus labios, f\u00e1cil de difuminar y de acabado natural, su pigmentaci\u00f3n es construidle, contiene peptidos que reparan y vitamina E que hidrata tus labios, su textura es acuosa.<\/p>\n","protected":false},"featured_media":1771,"template":"","meta":[],"product_brand":[],"product_cat":[59,43,54,48],"product_tag":[],"class_list":{"0":"post-2176","1":"product","2":"type-product","3":"status-publish","4":"has-post-thumbnail","6":"product_cat-girly","7":"product_cat-labios","8":"product_cat-marcas","9":"product_cat-tintas-labios","11":"first","12":"instock","13":"shipping-taxable","14":"purchasable","15":"product-type-variable"},"_links":{"self":[{"href":"https:\/\/asicomotumakeupcol.com\/index.php?rest_route=\/wp\/v2\/product\/2176","targetHints":{"allow":["GET"]}}],"collection":[{"href":"https:\/\/asicomotumakeupcol.com\/index.php?rest_route=\/wp\/v2\/product"}],"about":[{"href":"https:\/\/asicomotumakeupcol.com\/index.php?rest_route=\/wp\/v2\/types\/product"}],"wp:featuredmedia":[{"embeddable":true,"href":"https:\/\/asicomotumakeupcol.com\/index.php?rest_route=\/wp\/v2\/media\/1771"}],"wp:attachment":[{"href":"https:\/\/asicomotumakeupcol.com\/index.php?rest_route=%2Fwp%2Fv2%2Fmedia&parent=2176"}],"wp:term":[{"taxonomy":"product_brand","embeddable":true,"href":"https:\/\/asicomotumakeupcol.com\/index.php?rest_route=%2Fwp%2Fv2%2Fproduct_brand&post=2176"},{"taxonomy":"product_cat","embeddable":true,"href":"https:\/\/asicomotumakeupcol.com\/index.php?rest_route=%2Fwp%2Fv2%2Fproduct_cat&post=2176"},{"taxonomy":"product_tag","embeddable":true,"href":"https:\/\/asicomotumakeupcol.com\/index.php?rest_route=%2Fwp%2Fv2%2Fproduct_tag&post=2176"}],"curies":[{"name":"wp","href":"https:\/\/api.w.org\/{rel}","templated":true}]}}