{"id":2163,"date":"2026-04-15T20:40:46","date_gmt":"2026-04-16T01:40:46","guid":{"rendered":"https:\/\/asicomotumakeupcol.com\/?post_type=product&#038;p=2163"},"modified":"2026-04-15T20:40:46","modified_gmt":"2026-04-16T01:40:46","slug":"velvet-rubor-bloomshell","status":"publish","type":"product","link":"https:\/\/asicomotumakeupcol.com\/?product=velvet-rubor-bloomshell","title":{"rendered":"Velvet Rubor Bloomshell"},"content":{"rendered":"","protected":false},"excerpt":{"rendered":"<p>Tr\u00edo de rubores monocrom\u00e1ticos en texturas vers\u00e1tiles. Sus f\u00f3rmulas son suaves y tienen excelente adherencia, por que prolongan el uso de rubor, d\u00e1ndole a la piel un acabado sedoso y saludable. Incluye 1 tono luminoso, 1 tono cremoso y 1 tono Matte.<\/p>\n","protected":false},"featured_media":2166,"template":"","meta":[],"product_brand":[],"product_cat":[15,62,54,39,42],"product_tag":[],"class_list":{"0":"post-2163","1":"product","2":"type-product","3":"status-publish","4":"has-post-thumbnail","6":"product_cat-sin-categorizar","7":"product_cat-bloomshell","8":"product_cat-marcas","9":"product_cat-mejillas","10":"product_cat-rubores","12":"first","13":"instock","14":"shipping-taxable","15":"purchasable","16":"product-type-variable"},"_links":{"self":[{"href":"https:\/\/asicomotumakeupcol.com\/index.php?rest_route=\/wp\/v2\/product\/2163","targetHints":{"allow":["GET"]}}],"collection":[{"href":"https:\/\/asicomotumakeupcol.com\/index.php?rest_route=\/wp\/v2\/product"}],"about":[{"href":"https:\/\/asicomotumakeupcol.com\/index.php?rest_route=\/wp\/v2\/types\/product"}],"wp:featuredmedia":[{"embeddable":true,"href":"https:\/\/asicomotumakeupcol.com\/index.php?rest_route=\/wp\/v2\/media\/2166"}],"wp:attachment":[{"href":"https:\/\/asicomotumakeupcol.com\/index.php?rest_route=%2Fwp%2Fv2%2Fmedia&parent=2163"}],"wp:term":[{"taxonomy":"product_brand","embeddable":true,"href":"https:\/\/asicomotumakeupcol.com\/index.php?rest_route=%2Fwp%2Fv2%2Fproduct_brand&post=2163"},{"taxonomy":"product_cat","embeddable":true,"href":"https:\/\/asicomotumakeupcol.com\/index.php?rest_route=%2Fwp%2Fv2%2Fproduct_cat&post=2163"},{"taxonomy":"product_tag","embeddable":true,"href":"https:\/\/asicomotumakeupcol.com\/index.php?rest_route=%2Fwp%2Fv2%2Fproduct_tag&post=2163"}],"curies":[{"name":"wp","href":"https:\/\/api.w.org\/{rel}","templated":true}]}}