{"id":2102,"date":"2026-04-01T12:02:56","date_gmt":"2026-04-01T17:02:56","guid":{"rendered":"https:\/\/asicomotumakeupcol.com\/?post_type=product&#038;p=2102"},"modified":"2026-04-01T12:02:56","modified_gmt":"2026-04-01T17:02:56","slug":"esponja-de-maquillaje-blender-montoc","status":"publish","type":"product","link":"https:\/\/asicomotumakeupcol.com\/?product=esponja-de-maquillaje-blender-montoc","title":{"rendered":"Esponja De Maquillaje Blender Montoc"},"content":{"rendered":"","protected":false},"excerpt":{"rendered":"<p>Las esponja de maquillaje blender est\u00e1 dise\u00f1ada con altos est\u00e1ndares de calidad para brindar una experiencia excepcional. Su textura permite una aplicaci\u00f3n suave y uniforme, logrando un acabado tipo aer\u00f3grafo en la piel. Con su capacidad para difuminar el maquillaje de manera impecable, esta esponja de maquillaje blender te ayudar\u00e1 a lograr un aspecto profesional y sin marcas. Es vers\u00e1til y puede utilizarse tanto en seco como mojada, adapt\u00e1ndose a tus preferencias y necesidades.<\/p>\n","protected":false},"featured_media":2103,"template":"","meta":[],"product_brand":[],"product_cat":[23,24,54,58],"product_tag":[],"class_list":{"0":"post-2102","1":"product","2":"type-product","3":"status-publish","4":"has-post-thumbnail","6":"product_cat-accesorios","7":"product_cat-esponjas","8":"product_cat-marcas","9":"product_cat-montoc","11":"first","12":"instock","13":"shipping-taxable","14":"purchasable","15":"product-type-simple"},"_links":{"self":[{"href":"https:\/\/asicomotumakeupcol.com\/index.php?rest_route=\/wp\/v2\/product\/2102","targetHints":{"allow":["GET"]}}],"collection":[{"href":"https:\/\/asicomotumakeupcol.com\/index.php?rest_route=\/wp\/v2\/product"}],"about":[{"href":"https:\/\/asicomotumakeupcol.com\/index.php?rest_route=\/wp\/v2\/types\/product"}],"wp:featuredmedia":[{"embeddable":true,"href":"https:\/\/asicomotumakeupcol.com\/index.php?rest_route=\/wp\/v2\/media\/2103"}],"wp:attachment":[{"href":"https:\/\/asicomotumakeupcol.com\/index.php?rest_route=%2Fwp%2Fv2%2Fmedia&parent=2102"}],"wp:term":[{"taxonomy":"product_brand","embeddable":true,"href":"https:\/\/asicomotumakeupcol.com\/index.php?rest_route=%2Fwp%2Fv2%2Fproduct_brand&post=2102"},{"taxonomy":"product_cat","embeddable":true,"href":"https:\/\/asicomotumakeupcol.com\/index.php?rest_route=%2Fwp%2Fv2%2Fproduct_cat&post=2102"},{"taxonomy":"product_tag","embeddable":true,"href":"https:\/\/asicomotumakeupcol.com\/index.php?rest_route=%2Fwp%2Fv2%2Fproduct_tag&post=2102"}],"curies":[{"name":"wp","href":"https:\/\/api.w.org\/{rel}","templated":true}]}}